ime factors of 6039.
3, 11, 61
List the prime factors of 22712.
2, 17, 167
List the prime factors of 19320.
2, 3, 5, 7, 23
List the prime factors of 5399.
5399
List the prime factors of 2621.
2621
List the prime factors of 2931.
3, 977
List the prime factors of 26783.
26783
List the prime factors of 929.
929
List the prime factors of 3204.
2, 3, 89
List the prime factors of 1197.
3, 7, 19
List the prime factors of 32223.
3, 23, 467
What are the prime factors of 14060?
2, 5, 19, 37
What are the prime factors of 31?
31
List the prime factors of 8032.
2, 251
What are the prime factors of 17113?
109, 157
List the prime factors of 37275.
3, 5, 7, 71
What are the prime factors of 29149?
103, 283
List the prime factors of 1087.
1087
List the prime factors of 5540.
2, 5, 277
What are the prime factors of 4867?
31, 157
What are the prime factors of 2230?
2, 5, 223
List the prime factors of 13349.
7, 1907
List the prime factors of 1007.
19, 53
What are the prime factors of 2589?
3, 863
List the prime factors of 1874.
2, 937
List the prime factors of 2457.
3, 7, 13
What are the prime factors of 5227?
5227
List the prime factors of 23136.
2, 3, 241
List the prime factors of 69.
3, 23
List the prime factors of 11123.
7, 227
List the prime factors of 15770.
2, 5, 19, 83
What are the prime factors of 625?
5
What are the prime factors of 38854?
2, 19427
What are the prime factors of 419?
419
List the prime factors of 1583.
1583
What are the prime factors of 40472?
2, 5059
What are the prime factors of 981?
3, 109
List the prime factors of 1162.
2, 7, 83
List the prime factors of 29.
29
List the prime factors of 132.
2, 3, 11
List the prime factors of 3374.
2, 7, 241
What are the prime factors of 3621?
3, 17, 71
What are the prime factors of 48960?
2, 3, 5, 17
List the prime factors of 4769.
19, 251
List the prime factors of 1801.
1801
List the prime factors of 8280.
2, 3, 5, 23
List the prime factors of 126682.
2, 97, 653
What are the prime factors of 703?
19, 37
What are the prime factors of 1442?
2, 7, 103
List the prime factors of 9328.
2, 11, 53
What are the prime factors of 90?
2, 3, 5
What are the prime factors of 5605?
5, 19, 59
What are the prime factors of 1017?
3, 113
What are the prime factors of 2349?
3, 29
List the prime factors of 933.
3, 311
List the prime factors of 679.
7, 97
What are the prime factors of 72120?
2, 3, 5, 601
List the prime factors of 1500.
2, 3, 5
List the prime factors of 5233.
5233
List the prime factors of 17358.
2, 3, 11, 263
List the prime factors of 114306.
2, 3, 19051
List the prime factors of 6083.
7, 11, 79
List the prime factors of 28043.
29, 967
List the prime factors of 1845.
3, 5, 41
What are the prime factors of 1139?
17, 67
What are the prime factors of 75148?
2, 18787
What are the prime factors of 100165?
5, 13, 23, 67
What are the prime factors of 9386?
2, 13, 19
List the prime factors of 36.
2, 3
What are the prime factors of 22?
2, 11
What are the prime factors of 281?
281
List the prime factors of 960.
2, 3, 5
What are the prime factors of 118938?
2, 3, 43, 461
What are the prime factors of 664?
2, 83
What are the prime factors of 4373?
4373
What are the prime factors of 8292?
2, 3, 691
List the prime factors of 2400.
2, 3, 5
List the prime factors of 14183.
13, 1091
What are the prime factors of 8236?
2, 29, 71
List the prime factors of 53344.
2, 1667
List the prime factors of 4010.
2, 5, 401
What are the prime factors of 709?
709
What are the prime factors of 28622?
2, 11, 1301
List the prime factors of 4651.
4651
What are the prime factors of 164419?
164419
List the prime factors of 836.
2, 11, 19
What are the prime factors of 44650?
2, 5, 19, 47
What are the prime factors of 251?
251
List the prime factors of 1829.
31, 59
List the prime factors of 477.
3, 53
What are the prime factors of 12073?
12073
What are the prime factors of 617?
617
What are the prime factors of 53081?
7, 7583
What are the prime factors of 26354?
2, 13177
List the prime factors of 399.
3, 7, 19
List the prime factors of 4603.
4603
What are the prime factors of 414?
2, 3, 23
List the prime factors of 7208.
2, 17, 53
List the prime factors of 3092.
2, 773
What are the prime factors of 20592?
2, 3, 11, 13
List the prime factors of 1215.
3, 5
List the prime factors of 9052.
2, 31, 73
What are the prime factors of 37341?
3, 461
List the prime factors of 290.
2, 5, 29
List the prime factors of 95835.
3, 5, 6389
What are the prime factors of 2481?
3, 827
What are the prime factors of 271?
271
What are the prime factors of 2780?
2, 5, 139
What are the prime factors of 293?
293
List the prime factors of 191215.
5, 167, 229
What are the prime factors of 48822?
2, 3, 79, 103
What are the prime factors of 35850?
2, 3, 5, 239
What are the prime factors of 15595?
5, 3119
List the prime factors of 102922.
2, 51461
What are the prime factors of 42203?
7, 6029
List the prime factors of 998.
2, 499
List the prime factors of 5851.
5851
What are the prime factors of 60322?
2, 30161
List the prime factors of 758.
2, 379
What are the prime factors of 387?
3, 43
What are the prime factors of 1001?
7, 11, 13
List the prime factors of 848.
2, 53
List the prime factors of 8132.
2, 19, 107
What are the prime factors of 1725?
3, 5, 23
List the prime factors of 151515.
3, 5, 7, 13, 37
List the prime factors of 265.
5, 53
List the prime factors of 5955.
3, 5, 397
What are the prime factors of 1932?
2, 3, 7, 23
What are the prime factors of 23776?
2, 743
List the prime factors of 15427.
15427
List the prime factors of 13530.
2, 3, 5, 11, 41
What are the prime factors of 1145?
5, 229
List the prime factors of 163837.
19, 8623
What are the prime factors of 50429?
211, 239
What are the prime factors of 583?
11, 53
List the prime factors of 532.
2, 7, 19
List the prime factors of 12662.
2, 13, 487
List the prime factors of 990.
2, 3, 5, 11
What are the prime factors of 9860?
2, 5, 17, 29
What are the prime factors of 12313?
7, 1759
List the prime factors of 15913.
15913
List the prime factors of 2805.
3, 5, 11, 17
What are the prime factors of 10803?
3, 13, 277
List the prime factors of 131634.
2, 3, 71, 103
List the prime factors of 13204.
2, 3301
What are the prime factors of 57?
3, 19
What are the prime factors of 38298?
2, 3, 13, 491
What are the prime factors of 275?
5, 11
What are the prime factors of 4058?
2, 2029
What are the prime factors of 7248?
2, 3, 151
List the prime factors of 1033.
1033
What are the prime factors of 1045?
5, 11, 19
What are the prime factors of 137359?
137359
What are the prime factors of 18420?
2, 3, 5, 307
What are the prime factors of 59751?
3, 2213
What are the prime factors of 33750?
2, 3, 5
What are the prime factors of 53493?
3, 11, 1621
What are the prime factors of 26187?
3, 7, 29, 43
List the prime factors of 199720.
2, 5, 4993
What are the prime factors of 931?
7, 19
List the prime factors of 163953.
3, 18217
What are the prime factors of 1605?
3, 5, 107
What are the prime factors of 7848?
2, 3, 109
What are the prime factors of 38979?
3, 61, 71
What are the prime factors of 66787?
7, 29, 47
List the prime factors of 2859.
3, 953
List the prime factors of 11536.
2, 7, 103
What are the prime factors of 3157?
7, 11, 41
List the prime factors of 118165.
5, 23633
What are the prime factors of 10976?
2, 7
List the prime factors of 2973.
3, 991
What are the prime factors of 3224?
2, 13, 31
What are the prime factors of 53402?
2, 26701
List the prime factors of 30746.
2, 15373
What are the prime factors of 48434?
2, 61, 397
List the prime factors of 1335.
3, 5, 89
What are the prime factors of 464?
2, 29
List the prime factors of 32176.
2, 2011
List the prime factors of 10994.
2, 23, 239
List the prime factors of 6693.
3, 23, 97
List the prime factors of 58908.
2, 3, 4909
What are the prime factors of 92677?
13, 7129
List the prime factors of 1121.
19, 59
List the prime factors of 2471.
7, 353
List the prime factors of 2117.
29, 73
List the prime factors of 93242.
2, 23, 2027
What are the prime factors of 4394?
2, 13
What are the prime factors of 831?
3, 277
List the prime factors of 32885.
5, 6577
What are the prime factors of 3373?
3373
List the prime factors of 1033.
1033
List the prime factors of 2987.
29, 103
What are